 is 10 (base 2) in base 9?
2
Convert -8 (base 10) to base 6.
-12
-4 (base 7) to base 10
-4
1100 (base 2) to base 6
20
What is 2 (base 11) in base 3?
2
Convert -3 (base 4) to base 7.
-3
5a (base 11) to base 12
55
1 (base 6) to base 11
1
Convert 220 (base 6) to base 12.
70
3 (base 6) to base 15
3
Convert 1 (base 11) to base 5.
1
What is -153 (base 13) in base 2?
-11101101
-36 (base 7) to base 10
-27
-12 (base 4) to base 10
-6
-3 (base 10) to base 6
-3
What is 100111 (base 2) in base 7?
54
-1 (base 8) to base 10
-1
-1101 (base 2) to base 11
-12
Convert 35 (base 9) to base 8.
40
What is -1 (base 14) in base 6?
-1
What is 1 (base 12) in base 7?
1
-3 (base 9) to base 13
-3
Convert 11 (base 11) to base 5.
22
What is 11 (base 7) in base 10?
8
Convert 20 (base 3) to base 8.
6
Convert 2 (base 10) to base 4.
2
Convert -63 (base 14) to base 10.
-87
Convert 323 (base 5) to base 14.
64
What is 4 (base 14) in base 5?
4
What is 31 (base 5) in base 10?
16
Convert -11 (base 10) to base 12.
-b
Convert -3 (base 9) to base 5.
-3
Convert 1 (base 3) to base 15.
1
What is -1123 (base 5) in base 6?
-431
278 (base 9) to base 15
108
What is -8 (base 14) in base 4?
-20
What is 1 (base 6) in base 9?
1
-2 (base 13) to base 6
-2
Convert -4 (base 8) to base 3.
-11
What is 44 (base 13) in base 4?
320
20 (base 4) to base 12
8
What is 44 (base 6) in base 7?
40
13 (base 4) to base 13
7
-7 (base 9) to base 2
-111
Convert -53 (base 8) to base 14.
-31
What is 2 (base 7) in base 4?
2
-82 (base 11) to base 6
-230
What is 2 (base 9) in base 11?
2
What is 1100010 (base 2) in base 9?
118
Convert 0 (base 15) to base 6.
0
What is 111100 (base 2) in base 10?
60
2 (base 7) to base 9
2
-19 (base 10) to base 14
-15
-105 (base 16) to base 4
-10011
-2 (base 13) to base 5
-2
166 (base 7) to base 2
1100001
What is 100 (base 9) in base 5?
311
What is -13 (base 4) in base 9?
-7
Convert -11 (base 8) to base 13.
-9
101 (base 2) to base 15
5
Convert 10001011 (base 2) to base 3.
12011
3 (base 12) to base 6
3
What is -101022 (base 3) in base 2?
-100010110
Convert -2 (base 8) to base 4.
-2
-13 (base 15) to base 5
-33
Convert 22 (base 5) to base 10.
12
What is 140 (base 5) in base 12?
39
Convert 0 (base 6) to base 10.
0
-12 (base 3) to base 13
-5
-168 (base 11) to base 7
-366
Convert 101011 (base 2) to base 3.
1121
What is 13 (base 16) in base 12?
17
-121 (base 7) to base 13
-4c
Convert -221 (base 6) to base 8.
-125
2 (base 3) to base 10
2
What is 12 (base 11) in base 16?
d
What is 5 (base 9) in base 15?
5
Convert -2103 (base 4) to base 7.
-300
What is -47 (base 12) in base 9?
-61
Convert 0 (base 15) to base 13.
0
What is 41 (base 9) in base 15?
27
-51 (base 6) to base 14
-23
Convert -57 (base 15) to base 9.
-101
What is -5 (base 12) in base 15?
-5
Convert 10010 (base 2) to base 13.
15
Convert -2 (base 13) to base 10.
-2
What is 37 (base 9) in base 12?
2a
Convert -3 (base 15) to base 3.
-10
-122 (base 3) to base 10
-17
Convert -2 (base 5) to base 16.
-2
What is -46 (base 10) in base 13?
-37
3 (base 15) to base 9
3
-3 (base 8) to base 5
-3
Convert -130 (base 6) to base 12.
-46
-11 (base 5) to base 6
-10
What is 2000 (base 3) in base 9?
60
What is 100011 (base 2) in base 16?
23
-1011 (base 4) to base 6
-153
Convert -33 (base 10) to base 15.
-23
-28 (base 13) to base 4
-202
Convert 4 (base 8) to base 10.
4
What is 17 (base 16) in base 5?
43
What is 136 (base 13) in base 2?
11010110
What is -1 (base 9) in base 12?
-1
Convert -10 (base 9) to base 12.
-9
-12 (base 10) to base 4
-30
200 (base 4) to base 13
26
Convert -21 (base 4) to base 7.
-12
Convert 11 (base 3) to base 15.
4
10 (base 6) to base 11
6
Convert -36 (base 11) to base 4.
-213
-1044 (base 6) to base 9
-301
-160 (base 7) to base 11
-83
-8 (base 13) to base 5
-13
What is -2 (base 14) in base 8?
-2
What is 2 (base 15) in base 6?
2
Convert 14 (base 14) to base 6.
30
What is -122 (base 7) in base 13?
-50
Convert 7 (base 14) to base 4.
13
What is -30 (base 6) in base 13?
-15
What is -12 (base 6) in base 4?
-20
100000 (base 2) to base 12
28
4 (base 8) to base 12
4
Convert -104 (base 6) to base 7.
-55
What is 23 (base 4) in base 2?
1011
-5 (base 16) to base 10
-5
1 (base 4) to base 9
1
What is 1201 (base 4) in base 11?
89
Convert -29 (base 10) to base 16.
-1d
235 (base 6) to base 12
7b
What is -a (base 12) in base 16?
-a
What is 5 (base 14) in base 9?
5
Convert 24 (base 7) to base 11.
17
-1 (base 6) to base 11
-1
What is -1d (base 15) in base 8?
-34
Convert 43 (base 13) to base 11.
50
What is 1a6 (base 12) in base 7?
534
-116 (base 11) to base 2
-10001010
-6 (base 10) to base 4
-12
Convert 100 (base 2) to base 14.
4
What is 18 (base 9) in base 12?
15
What is 3 (base 8) in base 2?
11
4 (base 5) to base 16
4
What is 4b (base 13) in base 6?
143
Convert 7 (base 13) to base 12.
7
What is -21021 (base 3) in base 15?
-d1
12 (base 3) to base 16
5
7 (base 9) to base 7
10
Convert 3 (base 7) to base 6.
3
What is 240 (base 6) in base 13?
75
-45 (base 9) to base 6
-105
10210 (base 3) to base 4
1212
1332 (base 5) to base 12
161
What is 12110 (base 3) in base 2?
10010011
100 (base 2) to base 9
4
Convert 16c (base 13) to base 10.
259
What is 2 (base 11) in base 7?
2
Convert 10 (base 10) to base 15.
a
-16 (base 14) to base 4
-110
-11 (base 12) to base 13
-10
3 (base 4) to base 14
3
-306 (base 8) to base 7
-402
Convert -1 (base 9) to base 15.
-1
What is -1 (base 9) in base 13?
-1
Convert 6a (base 16) to base 14.
78
32 (base 5) to base 4
101
Convert -1 (base 15) to base 4.
-1
-4 (base 16) to base 12
-4
Convert -1 (base 9) to base 4.
-1
5 (base 15) to base 11
5
What is -320 (base 8) in base 15?
-dd
Convert -1 (base 2) to base 12.
-1
What is 1 (base 16) in base 3?
1
What is -9 (base 15) in base 13?
-9
What is -1 (base 15) in base 13?
-1
Convert -102 (base 9) to base 11.
-76
Convert 1 (base 8) to base 12.
1
-35 (base 7) to base 2
-11010
What is -113 (base 8) in base 16?
-4b
Convert -186 (base 12) to base 10.
-246
Convert -2 (base 12) to base 5.
-2
What is 1 (base 11) in base 7?
1
What is 12 (base 7) in base 13?
9
Convert -253 (base 7) to base 5.
-1021
Convert 3021 (base 4) to base 14.
105
14 (base 9) to base 11
12
Convert -12 (base 3) to base 10.
-5
-11010 (base 2) to base 15
-1b
What is 15 (base 16) in base 12?
19
2 (base 15) to base 12
2
Convert -16 (base 10) to base 3.
-121
Convert 2 (base 7) to base 2.
10
-12 (base 5) to base 3
-21
Convert 2 (base 3) to base 9.
2
What is -32 (base 4) in base 8?
-16
187 (base 10) to base 9
227
-2 (base 15) to base 10
-2
What is 8a (base 13) in base 7?
222
-103 (base 4) to base 8
-23
Convert 100 (base 3) to base 10.
9
Convert 1010 (base 2) to base 7.
13
What is 86 (base 11) in base 4?
1132
What is 244 (base 7) in base 8?
202
What is 250 (base 13) in base 15?
1bd
What is 122 (base 7) in base 10?
65
19 (base 12) to base 6
33
Convert c (base 16) to base 13.
c
23 (base 13) to base 8
35
Convert -1a1 (base 12) to base 16.
-109
What is -1123 (base 7) in base 2?
-110011001
Convert 242 (base 6) to base 11.
8a
-1121 (base 6) to base 12
-1a1
What is 1 (base 15) in base 9?
1
What is -57 (base 15) in base 12?
-6a
1323 (base 5) to base 11
184
Convert -4 (base 10) to base 14.
-4
What is 0 (base 3) in base 5?
0
What is 101 (base 3) in base 6?
14
Convert -b (base 15) to base 8.
-13
Convert -521 (base 7) to base 16.
-104
Convert 10102 (base 3) to base 14.
68
-11 (base 14) to base 13
-12
19 (base 12) to base 4
111
-3 (base 8) to base 2
-11
What is 102 (base 4) in base 11?
17
Convert -211 (base 3) to base 14.
-18
Convert -2211 (base 3) to base 8.
-114
Convert -4 (base 7) to base 16.
-4
Convert -1 (base 15) to base 3.
-1
6 (base 8) to base 6
10
1 (base 3) to base 5
1
Convert 65 (base 8) to base 15.
38
Convert -6 (base 15) to base 8.
-6
19 (base 15) to base 2
11000
Convert -4 (base 15) to base 9.
-4
Convert 114 (base 6) to base 8.
56
Convert -3 (base 12) to base 13.
-3
-20 (base 5) to base 11
-a
414 (base 8) to base 9
327
Convert -20 (base 3) to base 7.
-6
Convert 2222 (base 4) to base 6.
442
Convert 2122 (base 3) to base 6.
155
-12 (base 8) to base 15
-a
What is -3 (base 14) in base 7?
-3
What is -23 (base 4) in base 12?
-b
-3 (base 11) to base 13
-3
0 (base 15) to base 3
0
Convert -3 (base 8) to base 11.
-3
What is -5 (base 8) in base 16?
-5
Convert -1a (bas